596.
2, 3, 383
List the prime factors of 1278.
2, 3, 71
List the prime factors of 7295.
5, 1459
What are the prime factors of 542?
2, 271
List the prime factors of 10222.
2, 19, 269
List the prime factors of 1113.
3, 7, 53
What are the prime factors of 79961?
7, 11423
What are the prime factors of 5098?
2, 2549
What are the prime factors of 811?
811
List the prime factors of 1264.
2, 79
What are the prime factors of 708?
2, 3, 59
List the prime factors of 443.
443
List the prime factors of 46606.
2, 7, 3329
What are the prime factors of 25503?
3, 8501
List the prime factors of 97.
97
List the prime factors of 495.
3, 5, 11
List the prime factors of 1677.
3, 13, 43
What are the prime factors of 109352?
2, 13669
List the prime factors of 92683.
92683
List the prime factors of 7687.
7687
List the prime factors of 593.
593
What are the prime factors of 624?
2, 3, 13
What are the prime factors of 599?
599
List the prime factors of 339.
3, 113
List the prime factors of 2975.
5, 7, 17
What are the prime factors of 4781?
7, 683
What are the prime factors of 73432?
2, 67, 137
List the prime factors of 5782.
2, 7, 59
What are the prime factors of 3693?
3, 1231
List the prime factors of 4977.
3, 7, 79
List the prime factors of 36106.
2, 7, 2579
List the prime factors of 18102.
2, 3, 7, 431
What are the prime factors of 19242?
2, 3, 1069
List the prime factors of 48966.
2, 3, 8161
What are the prime factors of 1416?
2, 3, 59
List the prime factors of 58.
2, 29
What are the prime factors of 5338?
2, 17, 157
List the prime factors of 52632.
2, 3, 17, 43
What are the prime factors of 3178?
2, 7, 227
What are the prime factors of 71242?
2, 179, 199
What are the prime factors of 455?
5, 7, 13
List the prime factors of 87161.
43, 2027
What are the prime factors of 37363?
37363
What are the prime factors of 63449?
67, 947
What are the prime factors of 23540?
2, 5, 11, 107
What are the prime factors of 13906?
2, 17, 409
What are the prime factors of 4518?
2, 3, 251
What are the prime factors of 567?
3, 7
List the prime factors of 18725.
5, 7, 107
What are the prime factors of 1954?
2, 977
List the prime factors of 155047.
155047
List the prime factors of 11620.
2, 5, 7, 83
List the prime factors of 999.
3, 37
List the prime factors of 644.
2, 7, 23
What are the prime factors of 69898?
2, 34949
What are the prime factors of 48043?
107, 449
List the prime factors of 4894.
2, 2447
What are the prime factors of 3287?
19, 173
What are the prime factors of 150568?
2, 11, 29, 59
What are the prime factors of 84847?
7, 17, 23, 31
What are the prime factors of 11781?
3, 7, 11, 17
What are the prime factors of 15272?
2, 23, 83
What are the prime factors of 376?
2, 47
List the prime factors of 12851.
71, 181
What are the prime factors of 54862?
2, 27431
List the prime factors of 595.
5, 7, 17
What are the prime factors of 8778?
2, 3, 7, 11, 19
List the prime factors of 1447.
1447
List the prime factors of 2919.
3, 7, 139
List the prime factors of 3043.
17, 179
What are the prime factors of 27749?
27749
List the prime factors of 5609.
71, 79
List the prime factors of 31706.
2, 83, 191
List the prime factors of 1222.
2, 13, 47
What are the prime factors of 130529?
7, 29, 643
What are the prime factors of 14862?
2, 3, 2477
What are the prime factors of 54724?
2, 13681
List the prime factors of 143886.
2, 3, 23981
What are the prime factors of 1026?
2, 3, 19
What are the prime factors of 31757?
11, 2887
What are the prime factors of 714?
2, 3, 7, 17
What are the prime factors of 16952?
2, 13, 163
What are the prime factors of 127729?
7, 71, 257
List the prime factors of 1892.
2, 11, 43
List the prime factors of 1599.
3, 13, 41
List the prime factors of 119396.
2, 19, 1571
What are the prime factors of 20765?
5, 4153
List the prime factors of 10399.
10399
What are the prime factors of 7795?
5, 1559
What are the prime factors of 440?
2, 5, 11
What are the prime factors of 3226?
2, 1613
List the prime factors of 1702.
2, 23, 37
List the prime factors of 1688.
2, 211
What are the prime factors of 6365?
5, 19, 67
What are the prime factors of 11883?
3, 17, 233
What are the prime factors of 14171?
37, 383
What are the prime factors of 36642?
2, 3, 31, 197
What are the prime factors of 49635?
3, 5, 1103
List the prime factors of 210.
2, 3, 5, 7
What are the prime factors of 410?
2, 5, 41
List the prime factors of 23672.
2, 11, 269
What are the prime factors of 2299?
11, 19
List the prime factors of 2497.
11, 227
List the prime factors of 297.
3, 11
What are the prime factors of 438?
2, 3, 73
What are the prime factors of 941?
941
What are the prime factors of 10?
2, 5
What are the prime factors of 90214?
2, 43, 1049
List the prime factors of 1759.
1759
List the prime factors of 65226.
2, 3, 7, 1553
What are the prime factors of 1037?
17, 61
List the prime factors of 32356.
2, 8089
What are the prime factors of 2932?
2, 733
List the prime factors of 9654.
2, 3, 1609
What are the prime factors of 3560?
2, 5, 89
What are the prime factors of 51305?
5, 31, 331
List the prime factors of 9095.
5, 17, 107
What are the prime factors of 14781?
3, 13, 379
What are the prime factors of 45928?
2, 5741
List the prime factors of 22072.
2, 31, 89
List the prime factors of 4855.
5, 971
List the prime factors of 5387.
5387
What are the prime factors of 767?
13, 59
What are the prime factors of 15000?
2, 3, 5
List the prime factors of 14602.
2, 7, 149
What are the prime factors of 1056?
2, 3, 11
List the prime factors of 2671.
2671
What are the prime factors of 12609?
3, 467
What are the prime factors of 61928?
2, 7741
List the prime factors of 2870.
2, 5, 7, 41
List the prime factors of 6849.
3, 761
What are the prime factors of 5614?
2, 7, 401
List the prime factors of 2617.
2617
What are the prime factors of 4263?
3, 7, 29
What are the prime factors of 1454?
2, 727
List the prime factors of 27759.
3, 19, 487
List the prime factors of 4161.
3, 19, 73
List the prime factors of 32493.
3, 10831
What are the prime factors of 97?
97
What are the prime factors of 2818?
2, 1409
List the prime factors of 8722.
2, 7, 89
What are the prime factors of 16610?
2, 5, 11, 151
List the prime factors of 9898.
2, 7, 101
List the prime factors of 14471.
29, 499
List the prime factors of 79.
79
List the prime factors of 14063.
7, 41
List the prime factors of 3254.
2, 1627
What are the prime factors of 2943?
3, 109
What are the prime factors of 2158?
2, 13, 83
List the prime factors of 1554.
2, 3, 7, 37
What are the prime factors of 13100?
2, 5, 131
What are the prime factors of 4360?
2, 5, 109
List the prime factors of 49113.
3, 17, 107
What are the prime factors of 83662?
2, 59, 709
List the prime factors of 728.
2, 7, 13
What are the prime factors of 43533?
3, 7, 691
What are the prime factors of 1945?
5, 389
List the prime factors of 66261.
3, 13, 1699
List the prime factors of 79209.
3, 13, 677
What are the prime factors of 133224?
2, 3, 7, 13, 61
List the prime factors of 322.
2, 7, 23
List the prime factors of 1393.
7, 199
What are the prime factors of 4017?
3, 13, 103
What are the prime factors of 1965?
3, 5, 131
List the prime factors of 2106.
2, 3, 13
What are the prime factors of 7616?
2, 7, 17
What are the prime factors of 2473?
2473
List the prime factors of 6388.
2, 1597
List the prime factors of 1126.
2, 563
What are the prime factors of 60659?
60659
List the prime factors of 7173.
3, 797
What are the prime factors of 65351?
11, 13, 457
List the prime factors of 35779.
37, 967
What are the prime factors of 3454?
2, 11, 157
What are the prime factors of 3675?
3, 5, 7
List the prime factors of 3003.
3, 7, 11, 13
List the prime factors of 22123.
22123
List the prime factors of 42002.
2, 21001
List the prime factors of 914.
2, 457
What are the prime factors of 915?
3, 5, 61
What are the prime factors of 1134?
2, 3, 7
What are the prime factors of 198180?
2, 3, 5, 367
What are the prime factors of 2392?
2, 13, 23
What are the prime factors of 22034?
2, 23, 479
List the prime factors of 45980.
2, 5, 11, 19
What are the prime factors of 48133?
127, 379
What are the prime factors of 8423?
8423
List the prime factors of 1155.
3, 5, 7, 11
List the prime factors of 2887.
2887
List the prime factors of 3675.
3, 5